[INFO] fetching crate cadical 0.1.13...
[INFO] building cadical-0.1.13 against master#881c1ac408d93bb7adaa3a51dabab9266e82eee8 for issue-85264
[INFO] extracting crate cadical 0.1.13 into /workspace/builds/worker-4/source
[INFO] validating manifest of crates.io crate cadical 0.1.13 on toolchain 881c1ac408d93bb7adaa3a51dabab9266e82eee8
[INFO] running `Command { std: "/workspace/cargo-home/bin/cargo" "+881c1ac408d93bb7adaa3a51dabab9266e82eee8" "metadata" "--manifest-path" "Cargo.toml" "--no-deps", kill_on_drop: false }`
[INFO] started tweaking crates.io crate cadical 0.1.13
[INFO] finished tweaking crates.io crate cadical 0.1.13
[INFO] tweaked toml for crates.io crate cadical 0.1.13 written to /workspace/builds/worker-4/source/Cargo.toml
[INFO] running `Command { std: "/workspace/cargo-home/bin/cargo" "+881c1ac408d93bb7adaa3a51dabab9266e82eee8" "generate-lockfile" "--manifest-path" "Cargo.toml" "-Zno-index-update", kill_on_drop: false }`
[INFO] running `Command { std: "/workspace/cargo-home/bin/cargo" "+881c1ac408d93bb7adaa3a51dabab9266e82eee8" "fetch" "--manifest-path" "Cargo.toml", kill_on_drop: false }`
[INFO] running `Command { std: "docker" "create" "-v" "/var/lib/crater-agent-workspace/builds/worker-4/target:/opt/rustwide/target:rw,Z" "-v" "/var/lib/crater-agent-workspace/builds/worker-4/source:/opt/rustwide/workdir:ro,Z" "-v" "/var/lib/crater-agent-workspace/cargo-home:/opt/rustwide/cargo-home:ro,Z" "-v" "/var/lib/crater-agent-workspace/rustup-home:/opt/rustwide/rustup-home:ro,Z" "-e" "SOURCE_DIR=/opt/rustwide/workdir" "-e" "CARGO_TARGET_DIR=/opt/rustwide/target" "-e" "CARGO_HOME=/opt/rustwide/cargo-home" "-e" "RUSTUP_HOME=/opt/rustwide/rustup-home" "-w" "/opt/rustwide/workdir" "-m" "1610612736" "--user" "0:0" "--network" "none" "ghcr.io/rust-lang/crates-build-env/linux@sha256:20528e8c29e4536546f0102ce88568b16ea7538393a33fcca951030f7af10457" "/opt/rustwide/cargo-home/bin/cargo" "+881c1ac408d93bb7adaa3a51dabab9266e82eee8" "metadata" "--no-deps" "--format-version=1", kill_on_drop: false }`
[INFO] [stdout] 735c10c94c94dc1612d6e59853a431d168036a619e762a736384632e0a8219bf
[INFO] [stderr] WARNING: Your kernel does not support swap limit capabilities or the cgroup is not mounted. Memory limited without swap.
[INFO] running `Command { std: "docker" "start" "-a" "735c10c94c94dc1612d6e59853a431d168036a619e762a736384632e0a8219bf", kill_on_drop: false }`
[INFO] running `Command { std: "docker" "inspect" "735c10c94c94dc1612d6e59853a431d168036a619e762a736384632e0a8219bf", kill_on_drop: false }`
[INFO] running `Command { std: "docker" "rm" "-f" "735c10c94c94dc1612d6e59853a431d168036a619e762a736384632e0a8219bf", kill_on_drop: false }`
[INFO] [stdout] 735c10c94c94dc1612d6e59853a431d168036a619e762a736384632e0a8219bf
[INFO] running `Command { std: "docker" "create" "-v" "/var/lib/crater-agent-workspace/builds/worker-4/target:/opt/rustwide/target:rw,Z" "-v" "/var/lib/crater-agent-workspace/builds/worker-4/source:/opt/rustwide/workdir:ro,Z" "-v" "/var/lib/crater-agent-workspace/cargo-home:/opt/rustwide/cargo-home:ro,Z" "-v" "/var/lib/crater-agent-workspace/rustup-home:/opt/rustwide/rustup-home:ro,Z" "-e" "SOURCE_DIR=/opt/rustwide/workdir" "-e" "CARGO_TARGET_DIR=/opt/rustwide/target" "-e" "CARGO_INCREMENTAL=0" "-e" "RUST_BACKTRACE=full" "-e" "RUSTFLAGS=--cap-lints=forbid" "-e" "CARGO_HOME=/opt/rustwide/cargo-home" "-e" "RUSTUP_HOME=/opt/rustwide/rustup-home" "-w" "/opt/rustwide/workdir" "-m" "1610612736" "--user" "0:0" "--network" "none" "ghcr.io/rust-lang/crates-build-env/linux@sha256:20528e8c29e4536546f0102ce88568b16ea7538393a33fcca951030f7af10457" "/opt/rustwide/cargo-home/bin/cargo" "+881c1ac408d93bb7adaa3a51dabab9266e82eee8" "build" "--frozen" "--message-format=json", kill_on_drop: false }`
[INFO] [stdout] 8f8583064c630671f1ffa797fa1ba1b4e3c3cbb147411e8b2b26abb79a1acb9b
[INFO] [stderr] WARNING: Your kernel does not support swap limit capabilities or the cgroup is not mounted. Memory limited without swap.
[INFO] running `Command { std: "docker" "start" "-a" "8f8583064c630671f1ffa797fa1ba1b4e3c3cbb147411e8b2b26abb79a1acb9b", kill_on_drop: false }`
[INFO] [stderr]     Blocking waiting for file lock on package cache
[INFO] [stderr]    Compiling jobserver v0.1.22
[INFO] [stderr]    Compiling cc v1.0.68
[INFO] [stderr]    Compiling cadical v0.1.13 (/opt/rustwide/workdir)
[INFO] [stderr] The following warnings were emitted during compilation:
[INFO] [stderr] 
[INFO] [stderr] warning: c++: fatal error: Killed signal terminated program cc1plus
[INFO] [stderr] warning: compilation terminated.
[INFO] [stderr] warning: c++: fatal error: Killed signal terminated program cc1plus
[INFO] [stderr] warning: compilation terminated.
[INFO] [stderr] warning: c++: fatal error: Killed signal terminated program cc1plus
[INFO] [stderr] warning: compilation terminated.
[INFO] [stderr] warning: c++: fatal error: Killed signal terminated program cc1plus
[INFO] [stderr] warning: compilation terminated.
[INFO] [stderr] warning: c++: fatal error: Killed signal terminated program cc1plus
[INFO] [stderr] warning: compilation terminated.
[INFO] [stderr] warning: c++: fatal error: Killed signal terminated program cc1plus
[INFO] [stderr] warning: compilation terminated.
[INFO] [stderr] warning: c++: fatal error: Killed signal terminated program cc1plus
[INFO] [stderr] warning: compilation terminated.
[INFO] [stderr] warning: c++: fatal error: Killed signal terminated program cc1plus
[INFO] [stderr] warning: compilation terminated.
[INFO] [stderr] 
[INFO] [stderr] error: failed to run custom build command for `cadical v0.1.13 (/opt/rustwide/workdir)`
[INFO] [stderr] 
[INFO] [stderr] Caused by:
[INFO] [stderr]   process didn't exit successfully: `/opt/rustwide/target/debug/build/cadical-0a3e139b77b86a6f/build-script-build` (exit status: 1)
[INFO] [stderr]   --- stdout
[INFO] [stderr]   TARGET = Some("x86_64-unknown-linux-gnu")
[INFO] [stderr]   HOST = Some("x86_64-unknown-linux-gnu")
[INFO] [stderr]   CXX_x86_64-unknown-linux-gnu = None
[INFO] [stderr]   CXX_x86_64_unknown_linux_gnu = None
[INFO] [stderr]   HOST_CXX = None
[INFO] [stderr]   CXX = None
[INFO] [stderr]   CXXFLAGS_x86_64-unknown-linux-gnu = None
[INFO] [stderr]   CXXFLAGS_x86_64_unknown_linux_gnu = None
[INFO] [stderr]   HOST_CXXFLAGS = None
[INFO] [stderr]   CXXFLAGS = None
[INFO] [stderr]   CRATE_CC_NO_DEFAULTS = None
[INFO] [stderr]   CARGO_CFG_TARGET_FEATURE = Some("fxsr,sse,sse2")
[INFO] [stderr]   CXX_x86_64-unknown-linux-gnu = None
[INFO] [stderr]   CXX_x86_64_unknown_linux_gnu = None
[INFO] [stderr]   HOST_CXX = None
[INFO] [stderr]   CXX = None
[INFO] [stderr]   CXXFLAGS_x86_64-unknown-linux-gnu = None
[INFO] [stderr]   CXXFLAGS_x86_64_unknown_linux_gnu = None
[INFO] [stderr]   HOST_CXXFLAGS = None
[INFO] [stderr]   CXXFLAGS = None
[INFO] [stderr]   CRATE_CC_NO_DEFAULTS = None
[INFO] [stderr]   CARGO_CFG_TARGET_FEATURE = Some("fxsr,sse,sse2")
[INFO] [stderr]   cargo:rerun-if-changed=src/ccadical.cpp
[INFO] [stderr]   cargo:rerun-if-changed=cadical/src/version.cpp
[INFO] [stderr]   cargo:rerun-if-changed=cadical/src/solver.cpp
[INFO] [stderr]   cargo:rerun-if-changed=cadical/src/internal.cpp
[INFO] [stderr]   cargo:rerun-if-changed=cadical/src/arena.cpp
[INFO] [stderr]   cargo:rerun-if-changed=cadical/src/proof.cpp
[INFO] [stderr]   cargo:rerun-if-changed=cadical/src/limit.cpp
[INFO] [stderr]   cargo:rerun-if-changed=cadical/src/options.cpp
[INFO] [stderr]   cargo:rerun-if-changed=cadical/src/stats.cpp
[INFO] [stderr]   cargo:rerun-if-changed=cadical/src/message.cpp
[INFO] [stderr]   cargo:rerun-if-changed=cadical/src/external.cpp
[INFO] [stderr]   cargo:rerun-if-changed=cadical/src/profile.cpp
[INFO] [stderr]   cargo:rerun-if-changed=cadical/src/terminal.cpp
[INFO] [stderr]   cargo:rerun-if-changed=cadical/src/clause.cpp
[INFO] [stderr]   cargo:rerun-if-changed=cadical/src/backtrack.cpp
[INFO] [stderr]   cargo:rerun-if-changed=cadical/src/phases.cpp
[INFO] [stderr]   cargo:rerun-if-changed=cadical/src/report.cpp
[INFO] [stderr]   cargo:rerun-if-changed=cadical/src/flags.cpp
[INFO] [stderr]   cargo:rerun-if-changed=cadical/src/solution.cpp
[INFO] [stderr]   cargo:rerun-if-changed=cadical/src/assume.cpp
[INFO] [stderr]   cargo:rerun-if-changed=cadical/src/queue.cpp
[INFO] [stderr]   cargo:rerun-if-changed=cadical/src/checker.cpp
[INFO] [stderr]   cargo:rerun-if-changed=cadical/src/score.cpp
[INFO] [stderr]   cargo:rerun-if-changed=cadical/src/lucky.cpp
[INFO] [stderr]   cargo:rerun-if-changed=cadical/src/propagate.cpp
[INFO] [stderr]   cargo:rerun-if-changed=cadical/src/analyze.cpp
[INFO] [stderr]   cargo:rerun-if-changed=cadical/src/ema.cpp
[INFO] [stderr]   cargo:rerun-if-changed=cadical/src/averages.cpp
[INFO] [stderr]   cargo:rerun-if-changed=cadical/src/minimize.cpp
[INFO] [stderr]   cargo:rerun-if-changed=cadical/src/extend.cpp
[INFO] [stderr]   cargo:rerun-if-changed=cadical/src/restore.cpp
[INFO] [stderr]   cargo:rerun-if-changed=cadical/src/walk.cpp
[INFO] [stderr]   cargo:rerun-if-changed=cadical/src/watch.cpp
[INFO] [stderr]   cargo:rerun-if-changed=cadical/src/decide.cpp
[INFO] [stderr]   cargo:rerun-if-changed=cadical/src/collect.cpp
[INFO] [stderr]   cargo:rerun-if-changed=cadical/src/var.cpp
[INFO] [stderr]   cargo:rerun-if-changed=cadical/src/condition.cpp
[INFO] [stderr]   cargo:rerun-if-changed=cadical/src/occs.cpp
[INFO] [stderr]   cargo:rerun-if-changed=cadical/src/subsume.cpp
[INFO] [stderr]   cargo:rerun-if-changed=cadical/src/elim.cpp
[INFO] [stderr]   cargo:rerun-if-changed=cadical/src/cover.cpp
[INFO] [stderr]   cargo:rerun-if-changed=cadical/src/block.cpp
[INFO] [stderr]   cargo:rerun-if-changed=cadical/src/backward.cpp
[INFO] [stderr]   cargo:rerun-if-changed=cadical/src/vivify.cpp
[INFO] [stderr]   cargo:rerun-if-changed=cadical/src/probe.cpp
[INFO] [stderr]   cargo:rerun-if-changed=cadical/src/decompose.cpp
[INFO] [stderr]   cargo:rerun-if-changed=cadical/src/rephase.cpp
[INFO] [stderr]   cargo:rerun-if-changed=cadical/src/reduce.cpp
[INFO] [stderr]   cargo:rerun-if-changed=cadical/src/gates.cpp
[INFO] [stderr]   cargo:rerun-if-changed=cadical/src/deduplicate.cpp
[INFO] [stderr]   cargo:rerun-if-changed=cadical/src/restart.cpp
[INFO] [stderr]   cargo:rerun-if-changed=cadical/src/ternary.cpp
[INFO] [stderr]   cargo:rerun-if-changed=cadical/src/transred.cpp
[INFO] [stderr]   cargo:rerun-if-changed=cadical/src/instantiate.cpp
[INFO] [stderr]   cargo:rerun-if-changed=cadical/src/bins.cpp
[INFO] [stderr]   cargo:rerun-if-changed=cadical/src/compact.cpp
[INFO] [stderr]   cargo:rerun-if-changed=cadical/src/contract.cpp
[INFO] [stderr]   cargo:rerun-if-changed=cadical/src/util.cpp
[INFO] [stderr]   cargo:rerun-if-changed=cadical/src/config.cpp
[INFO] [stderr]   cargo:rerun-if-changed=cadical/src/file.cpp
[INFO] [stderr]   cargo:rerun-if-changed=cadical/src/tracer.cpp
[INFO] [stderr]   cargo:rerun-if-changed=cadical/src/parse.cpp
[INFO] [stderr]   cargo:rerun-if-changed=cadical/src/format.cpp
[INFO] [stderr]   cargo:rerun-if-changed=cadical/src/resources.cpp
[INFO] [stderr]   cargo:rerun-if-changed=cadical/src/lookahead.cpp
[INFO] [stderr]   running: "c++" "-O3" "-ffunction-sections" "-fdata-sections" "-fPIC" "-m64" "-Wall" "-Wextra" "-std=c++11" "-DNBUILD" "-DNUNLOCKED" "-DNTRACING" "-DQUIET" "-DVERSION=\"1.3.0\"" "-DNDEBUG" "-o" "/opt/rustwide/target/debug/build/cadical-49f141603bbf7222/out/cadical/src/internal.o" "-c" "cadical/src/internal.cpp"
[INFO] [stderr]   running: "c++" "-O3" "-ffunction-sections" "-fdata-sections" "-fPIC" "-m64" "-Wall" "-Wextra" "-std=c++11" "-DNBUILD" "-DNUNLOCKED" "-DNTRACING" "-DQUIET" "-DVERSION=\"1.3.0\"" "-DNDEBUG" "-o" "/opt/rustwide/target/debug/build/cadical-49f141603bbf7222/out/src/ccadical.o" "-c" "src/ccadical.cpp"
[INFO] [stderr]   running: "c++" "-O3" "-ffunction-sections" "-fdata-sections" "-fPIC" "-m64" "-Wall" "-Wextra" "-std=c++11" "-DNBUILD" "-DNUNLOCKED" "-DNTRACING" "-DQUIET" "-DVERSION=\"1.3.0\"" "-DNDEBUG" "-o" "/opt/rustwide/target/debug/build/cadical-49f141603bbf7222/out/cadical/src/options.o" "-c" "cadical/src/options.cpp"
[INFO] [stderr]   running: "c++" "-O3" "-ffunction-sections" "-fdata-sections" "-fPIC" "-m64" "-Wall" "-Wextra" "-std=c++11" "-DNBUILD" "-DNUNLOCKED" "-DNTRACING" "-DQUIET" "-DVERSION=\"1.3.0\"" "-DNDEBUG" "-o" "/opt/rustwide/target/debug/build/cadical-49f141603bbf7222/out/cadical/src/version.o" "-c" "cadical/src/version.cpp"
[INFO] [stderr]   running: "c++" "-O3" "-ffunction-sections" "-fdata-sections" "-fPIC" "-m64" "-Wall" "-Wextra" "-std=c++11" "-DNBUILD" "-DNUNLOCKED" "-DNTRACING" "-DQUIET" "-DVERSION=\"1.3.0\"" "-DNDEBUG" "-o" "/opt/rustwide/target/debug/build/cadical-49f141603bbf7222/out/cadical/src/clause.o" "-c" "cadical/src/clause.cpp"
[INFO] [stderr]   running: "c++" "-O3" "-ffunction-sections" "-fdata-sections" "-fPIC" "-m64" "-Wall" "-Wextra" "-std=c++11" "-DNBUILD" "-DNUNLOCKED" "-DNTRACING" "-DQUIET" "-DVERSION=\"1.3.0\"" "-DNDEBUG" "-o" "/opt/rustwide/target/debug/build/cadical-49f141603bbf7222/out/cadical/src/solver.o" "-c" "cadical/src/solver.cpp"
[INFO] [stderr]   running: "c++" "-O3" "-ffunction-sections" "-fdata-sections" "-fPIC" "-m64" "-Wall" "-Wextra" "-std=c++11" "-DNBUILD" "-DNUNLOCKED" "-DNTRACING" "-DQUIET" "-DVERSION=\"1.3.0\"" "-DNDEBUG" "-o" "/opt/rustwide/target/debug/build/cadical-49f141603bbf7222/out/cadical/src/limit.o" "-c" "cadical/src/limit.cpp"
[INFO] [stderr]   running: "c++" "-O3" "-ffunction-sections" "-fdata-sections" "-fPIC" "-m64" "-Wall" "-Wextra" "-std=c++11" "-DNBUILD" "-DNUNLOCKED" "-DNTRACING" "-DQUIET" "-DVERSION=\"1.3.0\"" "-DNDEBUG" "-o" "/opt/rustwide/target/debug/build/cadical-49f141603bbf7222/out/cadical/src/proof.o" "-c" "cadical/src/proof.cpp"
[INFO] [stderr]   running: "c++" "-O3" "-ffunction-sections" "-fdata-sections" "-fPIC" "-m64" "-Wall" "-Wextra" "-std=c++11" "-DNBUILD" "-DNUNLOCKED" "-DNTRACING" "-DQUIET" "-DVERSION=\"1.3.0\"" "-DNDEBUG" "-o" "/opt/rustwide/target/debug/build/cadical-49f141603bbf7222/out/cadical/src/arena.o" "-c" "cadical/src/arena.cpp"
[INFO] [stderr]   running: "c++" "-O3" "-ffunction-sections" "-fdata-sections" "-fPIC" "-m64" "-Wall" "-Wextra" "-std=c++11" "-DNBUILD" "-DNUNLOCKED" "-DNTRACING" "-DQUIET" "-DVERSION=\"1.3.0\"" "-DNDEBUG" "-o" "/opt/rustwide/target/debug/build/cadical-49f141603bbf7222/out/cadical/src/stats.o" "-c" "cadical/src/stats.cpp"
[INFO] [stderr]   running: "c++" "-O3" "-ffunction-sections" "-fdata-sections" "-fPIC" "-m64" "-Wall" "-Wextra" "-std=c++11" "-DNBUILD" "-DNUNLOCKED" "-DNTRACING" "-DQUIET" "-DVERSION=\"1.3.0\"" "-DNDEBUG" "-o" "/opt/rustwide/target/debug/build/cadical-49f141603bbf7222/out/cadical/src/external.o" "-c" "cadical/src/external.cpp"
[INFO] [stderr]   running: "c++" "-O3" "-ffunction-sections" "-fdata-sections" "-fPIC" "-m64" "-Wall" "-Wextra" "-std=c++11" "-DNBUILD" "-DNUNLOCKED" "-DNTRACING" "-DQUIET" "-DVERSION=\"1.3.0\"" "-DNDEBUG" "-o" "/opt/rustwide/target/debug/build/cadical-49f141603bbf7222/out/cadical/src/profile.o" "-c" "cadical/src/profile.cpp"
[INFO] [stderr]   running: "c++" "-O3" "-ffunction-sections" "-fdata-sections" "-fPIC" "-m64" "-Wall" "-Wextra" "-std=c++11" "-DNBUILD" "-DNUNLOCKED" "-DNTRACING" "-DQUIET" "-DVERSION=\"1.3.0\"" "-DNDEBUG" "-o" "/opt/rustwide/target/debug/build/cadical-49f141603bbf7222/out/cadical/src/message.o" "-c" "cadical/src/message.cpp"
[INFO] [stderr]   running: "c++" "-O3" "-ffunction-sections" "-fdata-sections" "-fPIC" "-m64" "-Wall" "-Wextra" "-std=c++11" "-DNBUILD" "-DNUNLOCKED" "-DNTRACING" "-DQUIET" "-DVERSION=\"1.3.0\"" "-DNDEBUG" "-o" "/opt/rustwide/target/debug/build/cadical-49f141603bbf7222/out/cadical/src/backtrack.o" "-c" "cadical/src/backtrack.cpp"
[INFO] [stderr]   running: "c++" "-O3" "-ffunction-sections" "-fdata-sections" "-fPIC" "-m64" "-Wall" "-Wextra" "-std=c++11" "-DNBUILD" "-DNUNLOCKED" "-DNTRACING" "-DQUIET" "-DVERSION=\"1.3.0\"" "-DNDEBUG" "-o" "/opt/rustwide/target/debug/build/cadical-49f141603bbf7222/out/cadical/src/terminal.o" "-c" "cadical/src/terminal.cpp"
[INFO] [stderr]   running: "c++" "-O3" "-ffunction-sections" "-fdata-sections" "-fPIC" "-m64" "-Wall" "-Wextra" "-std=c++11" "-DNBUILD" "-DNUNLOCKED" "-DNTRACING" "-DQUIET" "-DVERSION=\"1.3.0\"" "-DNDEBUG" "-o" "/opt/rustwide/target/debug/build/cadical-49f141603bbf7222/out/cadical/src/report.o" "-c" "cadical/src/report.cpp"
[INFO] [stderr]   running: "c++" "-O3" "-ffunction-sections" "-fdata-sections" "-fPIC" "-m64" "-Wall" "-Wextra" "-std=c++11" "-DNBUILD" "-DNUNLOCKED" "-DNTRACING" "-DQUIET" "-DVERSION=\"1.3.0\"" "-DNDEBUG" "-o" "/opt/rustwide/target/debug/build/cadical-49f141603bbf7222/out/cadical/src/phases.o" "-c" "cadical/src/phases.cpp"
[INFO] [stderr]   running: "c++" "-O3" "-ffunction-sections" "-fdata-sections" "-fPIC" "-m64" "-Wall" "-Wextra" "-std=c++11" "-DNBUILD" "-DNUNLOCKED" "-DNTRACING" "-DQUIET" "-DVERSION=\"1.3.0\"" "-DNDEBUG" "-o" "/opt/rustwide/target/debug/build/cadical-49f141603bbf7222/out/cadical/src/assume.o" "-c" "cadical/src/assume.cpp"
[INFO] [stderr]   running: "c++" "-O3" "-ffunction-sections" "-fdata-sections" "-fPIC" "-m64" "-Wall" "-Wextra" "-std=c++11" "-DNBUILD" "-DNUNLOCKED" "-DNTRACING" "-DQUIET" "-DVERSION=\"1.3.0\"" "-DNDEBUG" "-o" "/opt/rustwide/target/debug/build/cadical-49f141603bbf7222/out/cadical/src/minimize.o" "-c" "cadical/src/minimize.cpp"
[INFO] [stderr]   running: "c++" "-O3" "-ffunction-sections" "-fdata-sections" "-fPIC" "-m64" "-Wall" "-Wextra" "-std=c++11" "-DNBUILD" "-DNUNLOCKED" "-DNTRACING" "-DQUIET" "-DVERSION=\"1.3.0\"" "-DNDEBUG" "-o" "/opt/rustwide/target/debug/build/cadical-49f141603bbf7222/out/cadical/src/extend.o" "-c" "cadical/src/extend.cpp"
[INFO] [stderr]   running: "c++" "-O3" "-ffunction-sections" "-fdata-sections" "-fPIC" "-m64" "-Wall" "-Wextra" "-std=c++11" "-DNBUILD" "-DNUNLOCKED" "-DNTRACING" "-DQUIET" "-DVERSION=\"1.3.0\"" "-DNDEBUG" "-o" "/opt/rustwide/target/debug/build/cadical-49f141603bbf7222/out/cadical/src/restore.o" "-c" "cadical/src/restore.cpp"
[INFO] [stderr]   running: "c++" "-O3" "-ffunction-sections" "-fdata-sections" "-fPIC" "-m64" "-Wall" "-Wextra" "-std=c++11" "-DNBUILD" "-DNUNLOCKED" "-DNTRACING" "-DQUIET" "-DVERSION=\"1.3.0\"" "-DNDEBUG" "-o" "/opt/rustwide/target/debug/build/cadical-49f141603bbf7222/out/cadical/src/walk.o" "-c" "cadical/src/walk.cpp"
[INFO] [stderr]   running: "c++" "-O3" "-ffunction-sections" "-fdata-sections" "-fPIC" "-m64" "-Wall" "-Wextra" "-std=c++11" "-DNBUILD" "-DNUNLOCKED" "-DNTRACING" "-DQUIET" "-DVERSION=\"1.3.0\"" "-DNDEBUG" "-o" "/opt/rustwide/target/debug/build/cadical-49f141603bbf7222/out/cadical/src/queue.o" "-c" "cadical/src/queue.cpp"
[INFO] [stderr]   running: "c++" "-O3" "-ffunction-sections" "-fdata-sections" "-fPIC" "-m64" "-Wall" "-Wextra" "-std=c++11" "-DNBUILD" "-DNUNLOCKED" "-DNTRACING" "-DQUIET" "-DVERSION=\"1.3.0\"" "-DNDEBUG" "-o" "/opt/rustwide/target/debug/build/cadical-49f141603bbf7222/out/cadical/src/checker.o" "-c" "cadical/src/checker.cpp"
[INFO] [stderr]   running: "c++" "-O3" "-ffunction-sections" "-fdata-sections" "-fPIC" "-m64" "-Wall" "-Wextra" "-std=c++11" "-DNBUILD" "-DNUNLOCKED" "-DNTRACING" "-DQUIET" "-DVERSION=\"1.3.0\"" "-DNDEBUG" "-o" "/opt/rustwide/target/debug/build/cadical-49f141603bbf7222/out/cadical/src/score.o" "-c" "cadical/src/score.cpp"
[INFO] [stderr]   running: "c++" "-O3" "-ffunction-sections" "-fdata-sections" "-fPIC" "-m64" "-Wall" "-Wextra" "-std=c++11" "-DNBUILD" "-DNUNLOCKED" "-DNTRACING" "-DQUIET" "-DVERSION=\"1.3.0\"" "-DNDEBUG" "-o" "/opt/rustwide/target/debug/build/cadical-49f141603bbf7222/out/cadical/src/lucky.o" "-c" "cadical/src/lucky.cpp"
[INFO] [stderr]   running: "c++" "-O3" "-ffunction-sections" "-fdata-sections" "-fPIC" "-m64" "-Wall" "-Wextra" "-std=c++11" "-DNBUILD" "-DNUNLOCKED" "-DNTRACING" "-DQUIET" "-DVERSION=\"1.3.0\"" "-DNDEBUG" "-o" "/opt/rustwide/target/debug/build/cadical-49f141603bbf7222/out/cadical/src/propagate.o" "-c" "cadical/src/propagate.cpp"
[INFO] [stderr]   running: "c++" "-O3" "-ffunction-sections" "-fdata-sections" "-fPIC" "-m64" "-Wall" "-Wextra" "-std=c++11" "-DNBUILD" "-DNUNLOCKED" "-DNTRACING" "-DQUIET" "-DVERSION=\"1.3.0\"" "-DNDEBUG" "-o" "/opt/rustwide/target/debug/build/cadical-49f141603bbf7222/out/cadical/src/analyze.o" "-c" "cadical/src/analyze.cpp"
[INFO] [stderr]   running: "c++" "-O3" "-ffunction-sections" "-fdata-sections" "-fPIC" "-m64" "-Wall" "-Wextra" "-std=c++11" "-DNBUILD" "-DNUNLOCKED" "-DNTRACING" "-DQUIET" "-DVERSION=\"1.3.0\"" "-DNDEBUG" "-o" "/opt/rustwide/target/debug/build/cadical-49f141603bbf7222/out/cadical/src/ema.o" "-c" "cadical/src/ema.cpp"
[INFO] [stderr]   running: "c++" "-O3" "-ffunction-sections" "-fdata-sections" "-fPIC" "-m64" "-Wall" "-Wextra" "-std=c++11" "-DNBUILD" "-DNUNLOCKED" "-DNTRACING" "-DQUIET" "-DVERSION=\"1.3.0\"" "-DNDEBUG" "-o" "/opt/rustwide/target/debug/build/cadical-49f141603bbf7222/out/cadical/src/averages.o" "-c" "cadical/src/averages.cpp"
[INFO] [stderr]   running: "c++" "-O3" "-ffunction-sections" "-fdata-sections" "-fPIC" "-m64" "-Wall" "-Wextra" "-std=c++11" "-DNBUILD" "-DNUNLOCKED" "-DNTRACING" "-DQUIET" "-DVERSION=\"1.3.0\"" "-DNDEBUG" "-o" "/opt/rustwide/target/debug/build/cadical-49f141603bbf7222/out/cadical/src/flags.o" "-c" "cadical/src/flags.cpp"
[INFO] [stderr]   running: "c++" "-O3" "-ffunction-sections" "-fdata-sections" "-fPIC" "-m64" "-Wall" "-Wextra" "-std=c++11" "-DNBUILD" "-DNUNLOCKED" "-DNTRACING" "-DQUIET" "-DVERSION=\"1.3.0\"" "-DNDEBUG" "-o" "/opt/rustwide/target/debug/build/cadical-49f141603bbf7222/out/cadical/src/solution.o" "-c" "cadical/src/solution.cpp"
[INFO] [stderr]   exit status: 0
[INFO] [stderr]   running: "c++" "-O3" "-ffunction-sections" "-fdata-sections" "-fPIC" "-m64" "-Wall" "-Wextra" "-std=c++11" "-DNBUILD" "-DNUNLOCKED" "-DNTRACING" "-DQUIET" "-DVERSION=\"1.3.0\"" "-DNDEBUG" "-o" "/opt/rustwide/target/debug/build/cadical-49f141603bbf7222/out/cadical/src/watch.o" "-c" "cadical/src/watch.cpp"
[INFO] [stderr]   exit status: 0
[INFO] [stderr]   running: "c++" "-O3" "-ffunction-sections" "-fdata-sections" "-fPIC" "-m64" "-Wall" "-Wextra" "-std=c++11" "-DNBUILD" "-DNUNLOCKED" "-DNTRACING" "-DQUIET" "-DVERSION=\"1.3.0\"" "-DNDEBUG" "-o" "/opt/rustwide/target/debug/build/cadical-49f141603bbf7222/out/cadical/src/decide.o" "-c" "cadical/src/decide.cpp"
[INFO] [stderr]   exit status: 0
[INFO] [stderr]   running: "c++" "-O3" "-ffunction-sections" "-fdata-sections" "-fPIC" "-m64" "-Wall" "-Wextra" "-std=c++11" "-DNBUILD" "-DNUNLOCKED" "-DNTRACING" "-DQUIET" "-DVERSION=\"1.3.0\"" "-DNDEBUG" "-o" "/opt/rustwide/target/debug/build/cadical-49f141603bbf7222/out/cadical/src/collect.o" "-c" "cadical/src/collect.cpp"
[INFO] [stderr]   exit status: 0
[INFO] [stderr]   running: "c++" "-O3" "-ffunction-sections" "-fdata-sections" "-fPIC" "-m64" "-Wall" "-Wextra" "-std=c++11" "-DNBUILD" "-DNUNLOCKED" "-DNTRACING" "-DQUIET" "-DVERSION=\"1.3.0\"" "-DNDEBUG" "-o" "/opt/rustwide/target/debug/build/cadical-49f141603bbf7222/out/cadical/src/var.o" "-c" "cadical/src/var.cpp"
[INFO] [stderr]   exit status: 0
[INFO] [stderr]   running: "c++" "-O3" "-ffunction-sections" "-fdata-sections" "-fPIC" "-m64" "-Wall" "-Wextra" "-std=c++11" "-DNBUILD" "-DNUNLOCKED" "-DNTRACING" "-DQUIET" "-DVERSION=\"1.3.0\"" "-DNDEBUG" "-o" "/opt/rustwide/target/debug/build/cadical-49f141603bbf7222/out/cadical/src/condition.o" "-c" "cadical/src/condition.cpp"
[INFO] [stderr]   exit status: 0
[INFO] [stderr]   running: "c++" "-O3" "-ffunction-sections" "-fdata-sections" "-fPIC" "-m64" "-Wall" "-Wextra" "-std=c++11" "-DNBUILD" "-DNUNLOCKED" "-DNTRACING" "-DQUIET" "-DVERSION=\"1.3.0\"" "-DNDEBUG" "-o" "/opt/rustwide/target/debug/build/cadical-49f141603bbf7222/out/cadical/src/occs.o" "-c" "cadical/src/occs.cpp"
[INFO] [stderr]   exit status: 0
[INFO] [stderr]   running: "c++" "-O3" "-ffunction-sections" "-fdata-sections" "-fPIC" "-m64" "-Wall" "-Wextra" "-std=c++11" "-DNBUILD" "-DNUNLOCKED" "-DNTRACING" "-DQUIET" "-DVERSION=\"1.3.0\"" "-DNDEBUG" "-o" "/opt/rustwide/target/debug/build/cadical-49f141603bbf7222/out/cadical/src/subsume.o" "-c" "cadical/src/subsume.cpp"
[INFO] [stderr]   cargo:warning=c++: fatal error: Killed signal terminated program cc1plus
[INFO] [stderr]   cargo:warning=compilation terminated.
[INFO] [stderr]   exit status: 1
[INFO] [stderr]   running: "c++" "-O3" "-ffunction-sections" "-fdata-sections" "-fPIC" "-m64" "-Wall" "-Wextra" "-std=c++11" "-DNBUILD" "-DNUNLOCKED" "-DNTRACING" "-DQUIET" "-DVERSION=\"1.3.0\"" "-DNDEBUG" "-o" "/opt/rustwide/target/debug/build/cadical-49f141603bbf7222/out/cadical/src/elim.o" "-c" "cadical/src/elim.cpp"
[INFO] [stderr]   cargo:warning=c++: fatal error: Killed signal terminated program cc1plus
[INFO] [stderr]   cargo:warning=compilation terminated.
[INFO] [stderr]   exit status: 1
[INFO] [stderr]   cargo:warning=c++: fatal error: Killed signal terminated program cc1plus
[INFO] [stderr]   cargo:warning=compilation terminated.
[INFO] [stderr]   exit status: 1
[INFO] [stderr]   cargo:warning=c++: fatal error: Killed signal terminated program cc1plus
[INFO] [stderr]   cargo:warning=compilation terminated.
[INFO] [stderr]   exit status: 1
[INFO] [stderr]   cargo:warning=c++: fatal error: Killed signal terminated program cc1plus
[INFO] [stderr]   cargo:warning=compilation terminated.
[INFO] [stderr]   exit status: 1
[INFO] [stderr]   cargo:warning=c++: fatal error: Killed signal terminated program cc1plus
[INFO] [stderr]   cargo:warning=compilation terminated.
[INFO] [stderr]   exit status: 1
[INFO] [stderr]   cargo:warning=c++: fatal error: Killed signal terminated program cc1plus
[INFO] [stderr]   cargo:warning=compilation terminated.
[INFO] [stderr]   exit status: 1
[INFO] [stderr]   cargo:warning=c++: fatal error: Killed signal terminated program cc1plus
[INFO] [stderr]   cargo:warning=compilation terminated.
[INFO] [stderr]   exit status: 1
[INFO] [stderr]   exit status: 0
[INFO] [stderr]   exit status: 0
[INFO] [stderr]   exit status: 0
[INFO] [stderr]   exit status: 0
[INFO] [stderr]   exit status: 0
[INFO] [stderr]   exit status: 0
[INFO] [stderr]   exit status: 0
[INFO] [stderr]   exit status: 0
[INFO] [stderr]   exit status: 0
[INFO] [stderr]   exit status: 0
[INFO] [stderr]   exit status: 0
[INFO] [stderr]   exit status: 0
[INFO] [stderr]   exit status: 0
[INFO] [stderr]   exit status: 0
[INFO] [stderr]   exit status: 0
[INFO] [stderr]   exit status: 0
[INFO] [stderr]   exit status: 0
[INFO] [stderr]   exit status: 0
[INFO] [stderr]   exit status: 0
[INFO] [stderr]   exit status: 0
[INFO] [stderr]   exit status: 0
[INFO] [stderr]   exit status: 0
[INFO] [stderr]   exit status: 0
[INFO] [stderr]   exit status: 0
[INFO] [stderr]   exit status: 0
[INFO] [stderr] 
[INFO] [stderr]   --- stderr
[INFO] [stderr] 
[INFO] [stderr] 
[INFO] [stderr]   error occurred: Command "c++" "-O3" "-ffunction-sections" "-fdata-sections" "-fPIC" "-m64" "-Wall" "-Wextra" "-std=c++11" "-DNBUILD" "-DNUNLOCKED" "-DNTRACING" "-DQUIET" "-DVERSION=\"1.3.0\"" "-DNDEBUG" "-o" "/opt/rustwide/target/debug/build/cadical-49f141603bbf7222/out/cadical/src/internal.o" "-c" "cadical/src/internal.cpp" with args "c++" did not execute successfully (status code exit status: 1).
[INFO] [stderr] 
[INFO] [stderr] 
[INFO] running `Command { std: "docker" "inspect" "8f8583064c630671f1ffa797fa1ba1b4e3c3cbb147411e8b2b26abb79a1acb9b", kill_on_drop: false }`
[INFO] running `Command { std: "docker" "rm" "-f" "8f8583064c630671f1ffa797fa1ba1b4e3c3cbb147411e8b2b26abb79a1acb9b", kill_on_drop: false }`
[INFO] [stdout] 8f8583064c630671f1ffa797fa1ba1b4e3c3cbb147411e8b2b26abb79a1acb9b
